{"id":123,"date":"2018-04-18T19:05:08","date_gmt":"2018-04-18T19:05:08","guid":{"rendered":"http:\/\/cancerasawakeupcallbook.com\/?page_id=123"},"modified":"2021-01-20T13:06:12","modified_gmt":"2021-01-20T13:06:12","slug":"videos","status":"publish","type":"page","link":"https:\/\/cancerasawakeupcallbook.com\/index.php\/videos\/","title":{"rendered":"Multimedia"},"content":{"rendered":"<div class=\"jetpack-video-wrapper\"><iframe loading=\"lazy\" title=\"Cancer as a &quot;Wake-Up Call&quot; with M. Laura Nasi, MD | GUIDED podcast | ep. 42\" width=\"825\" height=\"464\" src=\"https:\/\/www.youtube.com\/embed\/xn4htdow9BI?list=PLwtSGbK1CzIx4ichyNWBBqOEdtyM3J2r9\" frameborder=\"0\" allow=\"accelerometer; autoplay; clipboard-write; encrypted-media; gyroscope; picture-in-picture\" allowfullscreen><\/iframe><\/div>\n<p>Interview by Rona Renner at KPFA Radio 94.1<\/p>\n<div class=\"jetpack-video-wrapper\"><iframe loading=\"lazy\" title=\"&quot;Cancer as a Wake-Up Call&quot; at KPFA Radio - Dr. M. Laura Nasi\" width=\"825\" height=\"464\" src=\"https:\/\/www.youtube.com\/embed\/GZEDABiOJ8U?feature=oembed\" frameborder=\"0\" allow=\"accelerometer; autoplay; clipboard-write; encrypted-media; gyroscope; picture-in-picture\" allowfullscreen><\/iframe><\/div>\n<p>Spanish Workshop led by Dr. Laura Nasi at Long Beach Memorial Care Hospital.<\/p>\n<div class=\"jetpack-video-wrapper\"><iframe loading=\"lazy\" title=\"Taller &quot;Cancer as a Wake-Up Call&quot; Dra. M Laura Nasi - Long Beach Memorial Care Hospital\" width=\"825\" height=\"619\" src=\"https:\/\/www.youtube.com\/embed\/8kpz0pVQxeA?feature=oembed\" frameborder=\"0\" allow=\"accelerometer; autoplay; clipboard-write; encrypted-media; gyroscope; picture-in-picture\" allowfullscreen><\/iframe><\/div>\n<p>Dr. Laura Nasi at IONS Institute of Noetic Science<\/p>\n<div class=\"jetpack-video-wrapper\"><iframe loading=\"lazy\" title=\"2018-10-16 Dr. Laura Nasi - FF\" src=\"https:\/\/player.vimeo.com\/video\/299821423?dnt=1&amp;app_id=122963\" width=\"825\" height=\"464\" frameborder=\"0\" allow=\"autoplay; fullscreen; picture-in-picture\" allowfullscreen><\/iframe><\/div>\n<p>These videos are the recordings of an Online Seminar: &#8220;Integrating Visions in Oncology&#8221;.\u00a0 They are in Spanish with English Subtitles.<\/p>\n<div class=\"jetpack-video-wrapper\"><iframe loading=\"lazy\" title=\"C\u00e1ncer y PsicoNeuroInmunolog\u00eda  - Dra. M. Laura Nasi Parte 1\/3\" width=\"825\" height=\"464\" src=\"https:\/\/www.youtube.com\/embed\/HaPbQZB35Jo?feature=oembed\" frameborder=\"0\" allow=\"accelerometer; autoplay; clipboard-write; encrypted-media; gyroscope; picture-in-picture\" allowfullscreen><\/iframe><\/div>\n<div class=\"jetpack-video-wrapper\"><iframe loading=\"lazy\" title=\"C\u00e1ncer y PsicoNeuroInmunolog\u00eda - Dra. M. Laura Nasi Parte 2\/3\" width=\"825\" height=\"464\" src=\"https:\/\/www.youtube.com\/embed\/OhRgFouLXX0?feature=oembed\" frameborder=\"0\" allow=\"accelerometer; autoplay; clipboard-write; encrypted-media; gyroscope; picture-in-picture\" allowfullscreen><\/iframe><\/div>\n<div class=\"jetpack-video-wrapper\"><iframe loading=\"lazy\" title=\"C\u00e1ncer y PsicoNeuroInmunolog\u00eda - Dra. M. Laura Nasi Parte 3\/3\" width=\"825\" height=\"464\" src=\"https:\/\/www.youtube.com\/embed\/i138xiZWPbw?feature=oembed\" frameborder=\"0\" allow=\"accelerometer; autoplay; clipboard-write; encrypted-media; gyroscope; picture-in-picture\" allowfullscreen><\/iframe><\/div>\n<p>These videos are the recordings of a conference called &#8220;New paradigm in oncology&#8221;. They are in Spanish with English subtitles.<\/p>\n<div class=\"jetpack-video-wrapper\"><iframe loading=\"lazy\" title=\"Nuevo Paradigma en oncologia 1\/10 Tiempos de cambio de Paradigma (English subtitles)\" width=\"825\" height=\"464\" src=\"https:\/\/www.youtube.com\/embed\/EceQFfZd9Ag?feature=oembed\" frameborder=\"0\" allow=\"accelerometer; autoplay; clipboard-write; encrypted-media; gyroscope; picture-in-picture\" allowfullscreen><\/iframe><\/div>\n<div class=\"jetpack-video-wrapper\"><iframe loading=\"lazy\" title=\"\u00bfQu\u00e9 es el cancer? Nuevo paradigma en oncologia 2\/10 (English Subtitles)\" width=\"825\" height=\"464\" src=\"https:\/\/www.youtube.com\/embed\/Z1bTWcy_5so?feature=oembed\" frameborder=\"0\" allow=\"accelerometer; autoplay; clipboard-write; encrypted-media; gyroscope; picture-in-picture\" allowfullscreen><\/iframe><\/div>\n<div class=\"jetpack-video-wrapper\"><iframe loading=\"lazy\" title=\"Los aportes de la epigen\u00e9tica, la PNIE y la teor\u00eda del estr\u00e9s 3\/10 (English subtitles)\" width=\"825\" height=\"464\" src=\"https:\/\/www.youtube.com\/embed\/_5Rlf_-GSsQ?feature=oembed\" frameborder=\"0\" allow=\"accelerometer; autoplay; clipboard-write; encrypted-media; gyroscope; picture-in-picture\" allowfullscreen><\/iframe><\/div>\n<div class=\"jetpack-video-wrapper\"><iframe loading=\"lazy\" title=\"El c\u00e1ncer es una enfermedad sist\u00e9mica desde el comienzo Nuevo paradigma 4\/10  (English Subtitles)\" width=\"825\" height=\"464\" src=\"https:\/\/www.youtube.com\/embed\/aCRztNNDIHk?feature=oembed\" frameborder=\"0\" allow=\"accelerometer; autoplay; clipboard-write; encrypted-media; gyroscope; picture-in-picture\" allowfullscreen><\/iframe><\/div>\n<div class=\"jetpack-video-wrapper\"><iframe loading=\"lazy\" title=\"Nueva definici\u00f3n de c\u00e1ncer Nuevo paradigma en oncolog\u00eda 5\/10 (English subtitles)\" width=\"825\" height=\"464\" src=\"https:\/\/www.youtube.com\/embed\/T9BswnZcU20?feature=oembed\" frameborder=\"0\" allow=\"accelerometer; autoplay; clipboard-write; encrypted-media; gyroscope; picture-in-picture\" allowfullscreen><\/iframe><\/div>\n<div class=\"jetpack-video-wrapper\"><iframe loading=\"lazy\" title=\"\u00bfQu\u00e9 es la oncolog\u00eda integrativa? Nuevo paradigma en oncolog\u00eda 6\/10 (English Subtitles)\" width=\"825\" height=\"464\" src=\"https:\/\/www.youtube.com\/embed\/t-QLVROluWc?feature=oembed\" frameborder=\"0\" allow=\"accelerometer; autoplay; clipboard-write; encrypted-media; gyroscope; picture-in-picture\" allowfullscreen><\/iframe><\/div>\n<div class=\"jetpack-video-wrapper\"><iframe loading=\"lazy\" title=\"Somos y formamos parte de un sistema complejo 7\/10 (English subtitles)\" width=\"825\" height=\"464\" src=\"https:\/\/www.youtube.com\/embed\/LNBYm8x3vKM?feature=oembed\" frameborder=\"0\" allow=\"accelerometer; autoplay; clipboard-write; encrypted-media; gyroscope; picture-in-picture\" allowfullscreen><\/iframe><\/div>\n<div class=\"jetpack-video-wrapper\"><iframe loading=\"lazy\" title=\"Salud y enfermedad: el c\u00e1ncer es una enfermedad? 8\/10 (English Subtitles)\" width=\"825\" height=\"464\" src=\"https:\/\/www.youtube.com\/embed\/S5Xwm3vDA0s?feature=oembed\" frameborder=\"0\" allow=\"accelerometer; autoplay; clipboard-write; encrypted-media; gyroscope; picture-in-picture\" allowfullscreen><\/iframe><\/div>\n","protected":false},"excerpt":{"rendered":"<p>Interview by Rona Renner at KPFA Radio 94.1 Spanish Workshop led by Dr. Laura Nasi at Long Beach Memorial Care Hospital. Dr. Laura Nasi at IONS Institute of Noetic Science These videos are the recordings of an Online Seminar: &#8220;Integrating Visions in Oncology&#8221;.\u00a0 They are in Spanish with English Subtitles. These videos are the recordings&hellip; <a href=\"https:\/\/cancerasawakeupcallbook.com\/index.php\/videos\/\" class=\"more-link\">Continue reading <span class=\"screen-reader-text\">Multimedia<\/span><\/a><\/p>\n","protected":false},"author":1,"featured_media":0,"parent":0,"menu_order":0,"comment_status":"closed","ping_status":"closed","template":"","meta":{"spay_email":""},"tags":[],"_links":{"self":[{"href":"https:\/\/cancerasawakeupcallbook.com\/index.php\/wp-json\/wp\/v2\/pages\/123"}],"collection":[{"href":"https:\/\/cancerasawakeupcallbook.com\/index.php\/wp-json\/wp\/v2\/pages"}],"about":[{"href":"https:\/\/cancerasawakeupcallbook.com\/index.php\/wp-json\/wp\/v2\/types\/page"}],"author":[{"embeddable":true,"href":"https:\/\/cancerasawakeupcallbook.com\/index.php\/wp-json\/wp\/v2\/users\/1"}],"replies":[{"embeddable":true,"href":"https:\/\/cancerasawakeupcallbook.com\/index.php\/wp-json\/wp\/v2\/comments?post=123"}],"version-history":[{"count":2,"href":"https:\/\/cancerasawakeupcallbook.com\/index.php\/wp-json\/wp\/v2\/pages\/123\/revisions"}],"predecessor-version":[{"id":1036,"href":"https:\/\/cancerasawakeupcallbook.com\/index.php\/wp-json\/wp\/v2\/pages\/123\/revisions\/1036"}],"wp:attachment":[{"href":"https:\/\/cancerasawakeupcallbook.com\/index.php\/wp-json\/wp\/v2\/media?parent=123"}],"wp:term":[{"taxonomy":"post_tag","embeddable":true,"href":"https:\/\/cancerasawakeupcallbook.com\/index.php\/wp-json\/wp\/v2\/tags?post=123"}],"curies":[{"name":"wp","href":"https:\/\/api.w.org\/{rel}","templated":true}]}}